t d(b) = 7*p(b) - 4*s(b). Give d(h).
18
Let r(x) be the second derivative of x**4/4 - x + 608. Determine r(5).
75
Let o(y) = -2*y**2 - 9*y - 9. Let z be ((-4 - (-84)/20) + (-72)/(-40))/(-2). Give o(z).
-2
Let u(b) = -7*b**3 - 11*b**2 - 3*b - 3. Let z(j) = j**3 + j**2. Let f(w) = -u(w) - 6*z(w). Let m be (85/51)/(3/225). Let d = -129 + m. What is f(d)?
7
Let t(r) = r**2 - 2*r + 31. Let p be t(-6). Let v(q) = -4 - p*q + 43*q + 40*q. Give v(-5).
-24
Let j(t) = t**3 - 14*t**2 - 15*t - 1. Let h be j(15). Let r be (3/(-3) + 6)*h. Let l(s) = -s + 3. What is l(r)?
8
Let o = -36 - -45. Let a(q) = -q**2 - 18 - 7*q + o + 5. Let p(w) = -w - 2. Let h be p(4). What is a(h)?
2
Suppose -4*w = -3*p - 2, -4*w - 13 = w + 4*p. Let m(g) = -21*g**3 - 21*g + 4. Let v(b) = 167*b**3 + 164*b - 31. Let d(s) = 39*m(s) + 5*v(s). What is d(w)?
-16
Let a(v) = -v - 3 - 2 - 13 - v. Let h(q) = 8*q**3 + 48*q**2 + 6*q + 27. Let k be h(-6). What is a(k)?
0
Suppose -4*g + 4*s + 88 = 0, -g + 28 = -0*g + 2*s. Suppose -33*b = -29*b - g. Suppose 4*z - b - 6 = 0. Let j(p) = p**3 - 4*p**2 + 2*p + 3. Give j(z).
0
Let v(w) = 5*w**4 - w**2 - 3*w - 8. Let a(l) = 14*l**4 - 3*l**2 - 10*l - 22. Let x(t) = -4*a(t) + 11*v(t). Let c(h) be the third derivative of x(h). Give c(-1).
24
Let b(y) = -2814 - y**2 + 0*y**2 - 22*y + 2840. What is b(-23)?
3
Let a(o) = -4*o. Suppose -5*g + 535 = 5*h, -63*g = 5*h - 65*g - 521. Suppose -h*r + 12 = -102*r. Calculate a(r).
-16
Let w(c) = 3*c**2 - 4*c - 7. Let l(b) = -2*b**2 - 2*b - 5. Let i(n) = -n**2 - 2*n - 4. Let x(t) = -3*i(t) + 2*l(t). Let z(a) = w(a) + x(a). What is z(3)?
7
Let y(v) = 14*v + 28*v - 6 + 1 + 19*v - 60*v - 12*v**2. Determine y(0).
-5
Let h(l) be the second derivative of l**4/12 + l**3/6 - 21*l**2/2 - l + 453. Calculate h(4).
-1
Let f(h) be the second derivative of 1/3*h**4 - 261*h + 0 - 1/20*h**5 + h**3 - 4*h**2. Determine f(6).
-44
Let z(c) = -c**2 - 5*c - 5. Let a = -63 - -87. Let y = -12 + a. Suppose -5*p - y = -2*w, 3*w - 4*w = -2*p - 4. Calculate z(w).
-1
Let u(d) = -103 + d + 212 - 124. Determine u(-7).
-22
Let o(v) = -v**2 + 12*v - 14. Let h(r) = -r**2 - 23*r - 65. Let l be h(-19). Let w be o(l). Let u(g) = 2*g + 1. What is u(w)?
-5
Let u(f) = -2*f**2 - 6*f - 5. Let s(b) = 33*b**3 - 26 - 5*b - 30*b**3 - 2*b**3 + 9*b**2 - 19*b. Let q be s(-11). Determine u(q).
-13
Suppose -3*b = 5*s + 9, 2*s - 1 = -5*b - s. Suppose -b*a + 3 = -5. Let i be (-3)/12 + 17/a. Let p(c) = c. Give p(i).
4
Let s(g) = -2*g**2 + g. Suppose 0 = m - 3 - 0, 5*m = 4*y - 361. Let a = 92 - y. Give s(a).
-10
Let q(s) = 42*s. Let i = -15 + 31. Suppose 4*j - 3*v + 4*v = 0, -3*v + i = -4*j. What is q(j)?
-42
Suppose 4*a - i - 287 = 0, 281 = -31*a + 35*a + i. Let o(h) = h - 71. Determine o(a).
0
Suppose -35 = -5*u + 30. Let h(a) = -42*a**2 + 16*a**2 + 14*a**2 + u*a**2 + 8*a + 8. What is h(-7)?
1
Let f(p) be the third derivative of 5/24*p**4 - 15*p - 5*p**2 + p**3 + 1/20*p**5 + 0. Give f(-3).
18
Suppose 3*w - 7*w - r = -19, 0 = 2*r + 2. Let c(a) = -4*a**3 + 8*a**2 + 6. Let n(p) = 3*p**3 - 7*p**2 + p - 6. Let z(b) = -2*c(b) - 3*n(b). Give z(w).
-9
Let d(l) = 3*l**3 - 42*l**2 - 45*l - 26. Let o(f) = 2*f**3 - 20*f**2 - 22*f - 13. Let m(u) = 3*d(u) - 5*o(u). Determine m(-25).
-13
Suppose -5*p - 39 = -5*n - n + 2*n, 12*p + 132 = 0. Let m(s) = -3*s**2 - 4 + 4 + 2 - 3*s. What is m(n)?
-34
Let l(m) = m**2 - 18*m - 324. Let u be l(-11). Let v(d) = -d**2 + d + 15. Determine v(u).
-15
Let f(h) be the third derivative of h**6/120 + h**5/20 - 3*h**4/8 - 11*h**3/6 - 657*h**2. What is f(-5)?
-16
Suppose 4*t - 31 = -4*r + r, 0 = -4*t + r + 27. Let y(z) be the third derivative of 0*z - 10*z**2 + 7/6*z**3 - 1/24*z**4 + 0. Determine y(t).
0
Suppose 0 = 2*n, -5*j + 3*n = 6*n - 305. Let t = j - 59. Let z(d) = -13 - 15 - d**3 + d + 0*d + 29 - t*d**2. Calculate z(2).
-13
Let n be (-1)/9 - 1092/(-108). Let w(o) be the second derivative of 0 - 1/20*o**5 - 1/2*o**3 + 0*o**2 + n*o + 1/4*o**4. Determine w(2).
-2
Let s(x) = 2 + 25*x - 2 - 3 - 21*x. Suppose 4 = k, 0 = -5*u + k - 4*k + 7. Let h = u - 4. What is s(h)?
-23
Let m = 177 - 183. Let r(p) = 11*p**2 - 3*p - 4. Let c(g) = 18*g**2 - 7*g - 9. Let h(x) = 3*c(x) - 5*r(x). Determine h(m).
-7
Suppose 5*l - 2*a - 6 = -2, 2*a = 4*l - 2. Let z(b) = 7*b - 7*b**2 + 65 + 5*b**l - 69. Let d(k) = -k - 1. Let w be d(-5). What is z(w)?
-8
Let g(i) = 2*i**2 + 2*i - 6. Let p(s) = s**3 - 4*s**2 - s + 4. Suppose 65*o = 67*o - 8. Let j be p(o). Let m be g(j). Let d(q) = -q**2 - 8*q - 3. What is d(m)?
9
Let i(p) be the first derivative of -5/3*p**3 - 9 - 7/2*p**2 + 0*p. Let f(a) = a**2 + a + 1. Let z(r) = -4*f(r) - i(r). Determine z(-4).
0
Let y(v) = -55*v - 39. Let p(t) = -25*t - 19. Let b(j) = 5*p(j) - 2*y(j). Let w(i) = -5*i - 6. Let x(d) = 3*b(d) - 8*w(d). Calculate x(-3).
12
Let q = -4283 + 25699/6. Let f(i) be the second derivative of -q*i**3 + 10*i - i**2 + 0 + 1/12*i**4. What is f(2)?
0
Let k(y) = -10*y**2 - 162*y - 33. Let m be k(-16). Let w(f) = -3*f - 10. Give w(m).
-7
Let n(l) be the second derivative of -l**5/20 - 13*l**4/4 + 20*l**3/3 + 7*l**2 + 476*l. What is n(-40)?
14
Let v(x) be the first derivative of x**4/12 + 5*x**3/6 - 7*x**2/2 - 176*x + 195. Let q(s) be the first derivative of v(s). Give q(-6).
-1
Let b(o) = -o**3 + 5*o**2 - 3*o + 3. Let j be (-96)/(-72) + (0 - (-10)/6). Suppose -15*k + 72 = j*k. What is b(k)?
7
Let f(k) be the third derivative of -k**5/60 - k**4/3 - k**3/6 + 139*k**2 + 6. Give f(-7).
6
Suppose 3*x - 1 - 5 = 0. Let d(s) = 4*s - 7. Let g be d(3). Let n(y) = 1 - g*y - x + 12*y. What is n(1)?
6
Let p(t) = 27 + 4*t + 7 + 15 + 45 - 12. What is p(-19)?
6
Let t(q) = q + 1. Let k = -6797 + 6795. Give t(k).
-1
Let w(n) be the second derivative of 7/6*n**3 + n + 2*n**2 + 1/20*n**5 + 1/2*n**4 - 2. What is w(-4)?
8
Let d = 7062 - 7059. Let f(z) = -3*z**3 + 10*z**2 + 2*z - 5. Determine f(d).
10
Let o(d) = d**3 - 8*d**2 - 5. Let z(b) = b**2 - 167*b + 5857. Let a be z(50). What is o(a)?
-54
Let u(a) = a**2 - 11*a + 3. Let i = -34 - -29. Let v be 14 + (5 - 1 - 1) + i. Calculate u(v).
15
Let l(q) = 13*q + 31. Let t be l(-2). Let g be 2*t/15 + (-8)/3. Let d(v) = -v**2 - 2*v. Determine d(g).
0
Let c(j) = 3008*j**2 - 4935*j - 235. Let b(w) = -51*w**2 + 84*w + 4. Let q(z) = -235*b(z) - 4*c(z). What is q(1)?
-47
Suppose -243*n - 6 = -245*n. Let x(t) = -2*t**3 + 7 + n*t**3 + 10266*t**2 - 10280*t**2. Determine x(14).
7
Let h = -102 + 221. Let m(p) = 7*p**2 + p**3 + 240*p - h*p - 122*p - 5. Suppose l = -2*u - 17 + 3, 21 = -3*u - l. Give m(u).
2
Let u(w) = -w**3 - 58*w**2 + 186*w + 168. Let p be u(-61). Let h(r) = -r**3 - 14*r**2 + 15*r - 9. Give h(p).
-9
Let m(l) = 6*l**2 - 2*l - 2. Suppose 12397*t - 57 = 12454*t. Calculate m(t).
6
Let r(y) be the third derivative of 11*y**4/24 + 24*y**3 + 2205*y**2. Determine r(-14).
-10
Let g(k) = -k - 5. Let t be g(-9). Let f(l) = 3*l**2 - t*l**2 + l + 2*l**3 + 12 - 3*l**3. Suppose -17*m - 23 - 31 = -54. What is f(m)?
12
Let u(g) = -g**2 + 36*g - 7. Suppose 2*j - d + 37 = 107, 3*j + 4*d = 116. Determine u(j).
-7
Let b(h) = -h**2 + 2*h + 3. Let c = 370 + -281. Suppose -c*w = -95*w + 18. Determine b(w).
0
Let f(a) = 3*a**3 - 5*a**2 + 9*a - 5. Let q(u) = -61*u**3 + 109*u**3 - 2*u - 49*u**3. Let d(j) = -f(j) - 2*q(j). What is d(5)?
-20
Let h(g) = 1178*g - 8. Let n(m) = -131*m. Let o(r) = -h(r) - 9*n(r). Suppose k = -2*k + 24. Let b be -1*3/(3/k). Determine o(b).
0
Let r(m) = m**3 + 9*m**2 + 6*m + 18. Let y be r(-8). Suppose 0 = 10*a - y*a + 312. Let j(n) = -n + 19. What is j(a)?
6
Let s be (-1)/(-1) + -1 - 70/10. Let v(t) = -4*t**2 - 33*t - 16. Let a(i) = i**2 + 8*i + 4. Suppose 3*x - 10 = -16. Let f(m) = x*v(m) - 9*a(m). Give f(s).
-11
Suppose 14*d = 11*d + 6. Suppose -n - d = 2*h - 5, 2*h = 0. Let o(f) = 31 + f + 4*f**2 + f**n - 13 - 19. Give o(-3).
5
Let v(c) = -2*c - 3. Suppose 0*s - 4 = s. Let t be v(s). Let k(u) = u + u**2 + 15*u**2 - 4 + 0 - 4*u - 15*u**2. Determine k(t).
6
Let t(l) = -13*l + 28. Let y(a) = -30*a + 37. Let d(p) = 5*t(p) - 2*y(p). Determine d(0).
66
Let j(s) = 20*s + 25*s - 186 - 35*s + 13. Determine j(20).
27
Let g(s) = -2*s + 19. Suppose -29 = 4*w + 2*x + 43, -x = -w - 9. Determine g(w).
49
Let m(b) = -b**3 - 6*b**2 - 5. Let r be m(0). Let z(n) = -6 + 1 + 2 + 4 + n. Let g(f) = f**2 - f - 10. 